t the prime factors of (-2 + x)*-1 - 0.
2
Suppose 0 = -4*p, -5*m + 24 = -3*p + 4. Suppose -5 = t - m*s, 43 = 3*t + 3*s - 17. List the prime factors of t.
3, 5
Suppose -3*t = -12, 3*t + 77 = 5*a + t. List the prime factors of a.
17
Let a(r) = r**3 + 14*r**2 - 14*r + 8. Let d be a(-15). Let x = 16 - 32. Let c = d - x. List the prime factors of c.
3
Let r(x) = -7*x**2 - x**3 + 1 + 3 + 2*x**3. Let i be r(7). Suppose -4*d + i = -0*w + 2*w, -w = -5*d - 30. What are the prime factors of w?
2, 5
Let s = 11 + -6. Suppose s*g = 25, 3 = -2*n - 5*g + 46. Let f = 0 + n. What are the prime factors of f?
3
Let y(b) = -5*b + 6 + 11*b - 4*b. List the prime factors of y(8).
2, 11
Let n = -6 - -13. Suppose -4*x = -5*y + 12, -n = x - 5*y + 11. List the prime factors of x.
2
Let j(u) = u + 4 + 3 - 1. Let c be j(-4). Suppose 0 = 2*g + 2, -g = -w + c + 2. List the prime factors of w.
3
Let m be (-840)/(-16)*4/3. Suppose 0 = -4*i - 2*g + m, -i + g = -3*g + 5. What are the prime factors of i?
3, 5
Suppose -4*b + 4 = -16. What are the prime factors of (b/(-10))/((-2)/32)?
2
List the prime factors of (-1 - 1)*93/(-6)*1.
31
Let z = 13 + -3. What are the prime factors of 36/20*z/3?
2, 3
Let h be (18/(-15))/(6/(-80)). Suppose 3*o - g = 20, 2*o - g - 13 - 1 = 0. Let z = h - o. List the prime factors of z.
2, 5
Suppose 46 = 4*l - 66. List the prime factors of l.
2, 7
Suppose 93 = 43*m - 42*m. List the prime factors of m.
3, 31
What are the prime factors of (101/1 - -6)*(2 + -1)?
107
Suppose -2*r + 2 = u, -5*r + 3 = 3*u - 2. Suppose u = -4*y + i + 110, 2*y = 6*y + 3*i - 102. What are the prime factors of y?
3
Let z be (1/2)/((-1)/4). List the prime factors of -2 - (0 - (6 - z)).
2, 3
Suppose -u - 3 = -37. What are the prime factors of 2 + 0 + u/2?
19
Let k(i) = 9*i - 13. What are the prime factors of k(9)?
2, 17
Suppose -83 - 109 = -3*l. What are the prime factors of l?
2
Let d be -9*(-1)/(3 - 0). Suppose -1 = -d*h + 5. Suppose -h*q + 19 = -9. What are the prime factors of q?
2, 7
Let v = -6 - -5. What are the prime factors of 52/4 + (-3)/v?
2
Let b = -14 - -26. Suppose 0 = -5*n - b + 2. List the prime factors of (-34)/(3 - 5) - n.
19
Let n(x) = -x**3 - 8*x**2 + 9*x - 4. Let q be n(-9). What are the prime factors of (-171)/(-12) + q/16?
2, 7
Let q(s) = s**3 + s**2 - s + 6. Suppose p - 2*j - 8 = 0, -3*p + 2*j - 1 = -9. What are the prime factors of q(p)?
2, 3
Let w = -6 - -10. Suppose m - w*m = -15. Suppose -5*y - z = -15 - 20, m*z - 31 = -y. List the prime factors of y.
2, 3
Suppose 0 = -u - 9 - 15. Let n be ((-9)/(-2))/(18/u). What are the prime factors of -4*n/(-4)*-1?
2, 3
Let k(w) = w**3 - w**2 - 1. Let o be k(2). Suppose -o*f = -4*f - 2*y - 18, -3*y = -15. Let p = 42 + f. List the prime factors of p.
2, 7
Let w(y) = y**3 + 5*y**2 - 2*y - 7. What are the prime factors of w(3)?
59
List the prime factors of 92*1/2 + 0.
2, 23
Suppose 3*q - 2*q - 10 = 0. Let j = 13 - q. What are the prime factors of j?
3
Suppose -4*x + 5*x = 0. Suppose q - 4*q + 12 = x. Let c = 9 - q. List the prime factors of c.
5
Suppose 3*i - 59 = -2*y, y + 97 = 5*i - i. List the prime factors of i.
23
Let d = -1 + 3. Let q(z) = 3*z**2 + 3. Let c(j) = -3*j**2 + j - 3. Let o(i) = d*c(i) + 3*q(i). List the prime factors of o(-2).
11
Let g = -52 + 91. Let n = 70 - g. List the prime factors of n.
31
Let t = 21 + -38. Let s = 35 + t. Suppose 5*z = -5*g + 12 + 38, -2*g = 4*z - s. List the prime factors of g.
11
Let k be 2*2/((-8)/10). Let y(b) = b**3 + 4*b**2 - 6*b + 4. What are the prime factors of y(k)?
3
Let d be (-2)/8 + 3/12. Suppose d = n + 2 - 6. Suppose n = 3*q + q, 2*t - 15 = -q. What are the prime factors of t?
7
Let m(n) = -4*n - 2. Let d(j) = 3*j + 2. Let g(z) = 3*d(z) + 2*m(z). What are the prime factors of g(7)?
3
Let z = 48 + -25. List the prime factors of z.
23
Let i = 6 + -3. Let n be 1/1*6/i. Suppose 0*g - 52 = -4*y + n*g, -g = -3*y + 41. What are the prime factors of y?
3, 5
Let u = -13 - -17. Suppose 8 = u*o - 80. List the prime factors of o.
2, 11
Let z = 453 + -209. What are the prime factors of z?
2, 61
Suppose 128 = 5*c + v, c = 3*c - 3*v - 41. What are the prime factors of c?
5
Let p(w) be the second derivative of -w**4/12 + w**3/6 + w**2/2 + 3*w. Let t be p(0). List the prime factors of (-2 - -9 - -2)*t.
3
Let w = -88 + 176. List the prime factors of w.
2, 11
Suppose -3*z - q + 82 = 16, 2*q = 2*z - 52. What are the prime factors of z?
23
Suppose 70 - 18 = 4*k. Let g = 2 + k. List the prime factors of 0 + g + (2 - -1).
2, 3
Suppose -5*y + 2*r = -633, y + 5*r - 124 = 8*r. List the prime factors of y.
127
Suppose 20 = 4*h + h. Suppose 97 = h*o - 0*o - 5*v, -69 = -3*o + 5*v. What are the prime factors of o?
2, 7
Let f = 7 - 5. Suppose 5*b + 83 = f*b + 5*d, d = -3*b - 113. What are the prime factors of (-2)/10 - b/5?
7
Suppose -2*z = z - 3. Let v be 7/3 - z/3. Suppose j + v*j - 9 = 0. List the prime factors of j.
3
Let n = -55 + 155. List the prime factors of n.
2, 5
Suppose -4*f + 264 = 4*v, -v - 5*f + 50 = -0*v. What are the prime factors of v?
2, 5, 7
Let p = 179 + -99. List the prime factors of p.
2, 5
Suppose -z + s + 16 = -2*s, 2*z - s = 52. Let v = 9 - 6. Suppose -2 - z = -v*d. What are the prime factors of d?
2, 5
Let w be 3 + (-2 - -2) - -2. Suppose -5*z = 3*q + 6, -2*z - w*q - 10 = -3*z. Let y = 5 - z. What are the prime factors of y?
5
Let f(x) = x**2 + 6*x + 2. Let n(r) = r - 4. Let k be n(7). Let l be (7 - k)*(-21)/12. What are the prime factors of f(l)?
3
Let t = -16 - -26. Suppose -2 - 6 = -k. List the prime factors of (k/t)/(1/10).
2
Let d(z) = z**2 - 2*z + 47. List the prime factors of d(0).
47
Suppose 4*t + 0*t - 200 = 0. Suppose 5*d - t = -0*d. What are the prime factors of d?
2, 5
Let n(l) = -l. Let a be n(-4). Suppose -54 = -5*r + k, -k - 66 = -4*r - 22. Suppose -2*v + a*z = -r, v - 13 = z - 5. What are the prime factors of v?
11
Let d = -7 - -9. Suppose d*r = 116 - 12. List the prime factors of r.
2, 13
Let o(r) = 2*r**2 - 11*r + 9. Let n = -3 + 4. Let s(a) = -a**2 + a - 1. Let l(t) = n*o(t) + 3*s(t). List the prime factors of l(-7).
13
Let d be ((-1)/3)/(1/(-3)). Suppose y = 1 + d. List the prime factors of -1 + (11 - (-1 + y)).
3
Let k be 2 + 6 + -4 + 2. What are the prime factors of (12 + k)/(2/1)?
3
What are the prime factors of 634/22 + (-10)/(-55)?
29
Let g be 3*2/(-3) + 5. Let p(a) = g*a - 2 - 1 - 3. List the prime factors of p(4).
2, 3
Suppose z - 2*z + i - 9 = 0, z + 3*i - 11 = 0. Let l be (-60)/(-27) + z/18. Suppose -l*x = -3*x - 4*c + 10, 0 = 2*c. List the prime factors of x.
2, 5
Let x = 4 + -3. Suppose -1 - x = -k. Suppose -19 - 9 = -k*w. List the prime factors of w.
2, 7
Let y(a) be the first derivative of a**3/3 - 7*a**2/2 + 9*a + 3. Let n be y(6). Suppose -28 = -4*c - 4*x, -6 = -3*c + x + n. List the prime factors of c.
2
Suppose 25 = l - 23. Suppose -2*d = -0*d - l. Let s = d + -13. What are the prime factors of s?
11
Let r = -32 + 19. Let h = r + 22. What are the prime factors of h?
3
Let p be ((3 - 5) + 28)*1. Suppose -p + 201 = 5*r. What are the prime factors of r?
5, 7
Let r(s) = -6 - s**2 + 5*s + 3*s - 1. List the prime factors of r(5).
2
Let w(u) = -4*u + 30. List the prime factors of w(-6).
2, 3
Let x be (-12)/4 - -9*1. Let i = 14 - x. List the prime factors of i.
2
Let o = 11 - 3. List the prime factors of o.
2
Let u be -2 + 4 - (0 - 2). Suppose k - u = 5*k. What are the prime factors of (18/(-21))/(k/7)?
2, 3
Let v(g) = -5*g**3 + 5*g**2 - 13*g + 17. Let x(i) = -i**3 + i**2 - 3*i + 4. Let w(f) = -2*v(f) + 9*x(f). What are the prime factors of w(3)?
17
Suppose 2*c + 4 = 6. List the prime factors of 3/(6/22)*c.
11
List the prime factors of -4*(-7 + 1) - 1.
23
What are the prime factors of 0 - 3/(-2) - 605/(-10)?
2, 31
Let m = 5 - 5. Let a(k) = -2*k**3 + m*k**2 - k + k**3 - k**2 + 9. List the prime factors of a(0).
3
List the prime factors of 8/(-28) - 676/(-14).
2, 3
Suppose 2*p + 4*q = -6, 15 = -p + 3*p - 3*q. Suppose 0 = p*c + 3*k + k + 19, c = -3*k - 13. What are the prime factors of 1/(c + (-12)/(-10))?
5
List the prime factors of (-1527)/(-9) + 2/6.
2, 5, 17
Suppose 5*i = -p + 43, -4*p + 3*p = i - 23. Let k = p + -6. List the prime factors of k.
2, 3
Let z = 1 - -8. Let d = z - 4. What are the prime factors of d?
5
Suppose 0 = 5*x - 5, 2